 - h + 23. Let z(r) = -r**2 - 6*r - 5. Let i be z(-5). Calculate the remainder when f(i) is divided by m.
5
Let m = 20 + -1. Let o = -9 + m. Calculate the remainder when 38 is divided by o.
8
Suppose 4 = a + 2, -3*d - 3*a = -12. Calculate the remainder when 15 is divided by d.
1
Let c(w) = w**3 + 4*w**2 - 5*w. Let g be c(-5). Suppose v + 2 - 4 = g. What is the remainder when 5 is divided by v?
1
Let z = 21 + -11. Calculate the remainder when 20/90 - (-160)/9 is divided by z.
8
Suppose 3*d = -5*z + 26, -3*d - 14 = -9*z + 4*z. What is the remainder when z is divided by 2?
0
Let w = -131 - -148. What is the remainder when 29 is divided by w?
12
Suppose l + 4*y = -3*l + 232, 3*l - 2*y - 189 = 0. Suppose -4*n = -l - 71. What is the remainder when n is divided by 18?
15
Let x = 2 - 6. Let r be x/14 + (-6)/(-21). Suppose 3*d - 171 + 69 = r. What is the remainder when d is divided by 12?
10
Let s = 6 - -9. Let u = -4 + s. Calculate the remainder when 42 is divided by u.
9
What is the remainder when (-4)/(-10)*((-618)/(-2) - -1) is divided by 14?
12
Calculate the remainder when 19 is divided by 1/(4/80*4).
4
Let f = -11 - -15. Suppose -15 + 3 = -4*r + 4*y, 3*y = f*r - 13. What is the remainder when 34 is divided by 390/33 + r/22?
10
Let j(p) = -47*p**2 - 17*p - 12. Let g(r) = -12*r**2 - 4*r - 3. Let x(b) = -9*g(b) + 2*j(b). What is the remainder when x(-2) is divided by 19?
17
Let p = -4 + 7. Suppose 4 = -r + p*r, -4*b + 40 = -4*r. What is the remainder when b is divided by 2/(-9) + 65/9?
5
Let t = -33 - -46. Let h = 6 - 3. Calculate the remainder when t is divided by (-6)/(-9) - (-13)/h.
3
Let j(i) be the first derivative of -i**2/2 + 7*i + 1. What is the remainder when j(-8) is divided by 9?
6
What is the remainder when (-2 + 5/3)*(-1029)/7 is divided by 13?
10
Suppose -f - f = -28. Suppose 0 = a - 2*a + 2, -a - 133 = -5*g. Calculate the remainder when g is divided by f.
13
Let a = -72 - -138. What is the remainder when a is divided by 14?
10
Let u = 34 - 59. Let i(o) = -9*o**2 - o. Let a be i(2). Let h = u - a. What is the remainder when 38 is divided by h?
12
Let n(s) = -s**2 - 5*s + 9. What is the remainder when 31 is divided by n(-5)?
4
Let b(g) = -20*g + 4. What is the remainder when b(-1) is divided by 13?
11
Let u be (46/3)/(14/21). Let o = -12 + u. What is the remainder when 54 is divided by o?
10
Let r = -25 - -44. What is the remainder when r is divided by (-96)/(-10) - 2/(-5)?
9
Let h = 8 - 1. Calculate the remainder when 11 is divided by h.
4
Let v = 21 - 11. Let p(q) = q**2 + 6*q + 3. Let c be p(-6). Suppose -4*u + c*u = -4. What is the remainder when v is divided by u?
2
Let r(t) = -16*t + 1. Let d be r(-1). Let z = -9 + d. Suppose -27 + 2 = -5*l, l + z = k. Calculate the remainder when 37 is divided by k.
11
Suppose -4*v + 19 = -117. Calculate the remainder when v is divided by 19.
15
Suppose 22 + 6 = 2*d. Calculate the remainder when 27 is divided by d.
13
Let q(d) = -d**3 - 3*d**2 + 4. Let k be q(-4). Let s = 5 + k. Let f = s - 12. What is the remainder when 49 is divided by f?
10
Suppose d + 3*t - 26 = 0, -3*t = -d + 6*d - 82. What is the remainder when 25 is divided by d?
11
Suppose -2*s + 66 = -z, 5*s = -0*z - 4*z + 139. What is the remainder when s is divided by 7?
3
Suppose -4*n + 3*j = -11, -2*n + 5 = 4*j - 5*j. Calculate the remainder when 2 is divided by n.
0
Let o be (20/(-10))/(1/(-15)). What is the remainder when o - -2*(-3)/(-3) is divided by 17?
15
Let n = -13 - -7. Let d(v) be the third derivative of v**5/60 + v**4/12 + v**3/2 - 3*v**2. Calculate the remainder when d(n) is divided by 7.
6
Suppose -3*x + 20 = 5. Calculate the remainder when 19 is divided by x.
4
Let w(o) = -o**3 - 1. Let i be w(-1). Let g be (-6)/2 + i/2. Calculate the remainder when 35 + (3/1)/g is divided by 18.
16
Calculate the remainder when 27 is divided by (-4)/14 - (-174)/21.
3
Let a be ((-78)/(-8))/((-3)/(-16)). Let s = 71 + a. Suppose -3*x + 0*x = -s. Calculate the remainder when x is divided by 14.
13
Suppose 0 = 4*x - 3*x + 2. Let l = 0 - x. Calculate the remainder when 3 is divided by l.
1
Suppose 208 = 3*n - 65. Calculate the remainder when n is divided by 25.
16
Let p(q) = 108*q - 4. Let y be p(-3). Suppose 0 = -3*z + 31 + 2. What is the remainder when (y/(-4))/2*1 is divided by z?
8
Suppose 6*a = 3*a. Let q(d) = -d**2 - 2. Let v be q(a). Calculate the remainder when 9 is divided by (-74)/(-14) + v/7.
4
Let r = 3 + 60. What is the remainder when r is divided by 22?
19
Suppose 2*c = 2 + 6. Let b be (-35)/c + (-3)/12. Calculate the remainder when 2/b - 438/(-27) is divided by 9.
7
Suppose 3*x + 2*x - u - 16 = 0, 4*u + 4 = 5*x. Let g(i) = -x*i**3 + 6*i**3 + 16 + i**2 - i**3. Calculate the remainder when 30 is divided by g(0).
14
Suppose -3*u + 0*u = -24. What is the remainder when u is divided by 2?
0
Let n = -7 - -8. Suppose 2*a = -4*v - 8, 0*a + 2*v = 3*a - 4. Let z = a - -2. What is the remainder when z is divided by n?
0
Let h(o) be the first derivative of -1/4*o**4 - o**3 - 2*o - 3*o**2 - 2. What is the remainder when h(-4) is divided by 13?
12
Suppose 0*c = 4*c - 32. Let z(g) = g**3 - 3*g**2 + 2*g + 4. Let m be z(3). What is the remainder when (105/m)/(1/2) is divided by c?
5
Let i = -74 - -35. Let d = 57 + i. Calculate the remainder when 34 is divided by d.
16
Let g(i) = i**3 + 11. Let x be 10/2 + -2 + 2. Suppose x*f = -3*d + 148, -f - 7*d + 12 = -2*d. What is the remainder when f is divided by g(0)?
10
Let o(h) = h**2 - 18*h + 42. What is the remainder when o(17) is divided by 11?
3
Let i = -1 - -7. Let b(n) = n + 2. Suppose 0 = -t - 0*y + 4*y - 2, -t - 5*y + 34 = 0. What is the remainder when t is divided by b(i)?
6
Let h(m) = -5*m + 10. What is the remainder when h(-5) is divided by 9?
8
Suppose -f - 3*p + 8 = -4, -f + 4*p = -19. Suppose 0 = -3*l - f, -2*l = -5*q - 3*l + 25. Calculate the remainder when 10 is divided by q.
4
Let w(n) = n**2 - 7*n + 1. What is the remainder when w(10) is divided by 11?
9
Let m = 1 - -38. What is the remainder when 231 is divided by m?
36
Suppose 8*k - 3*k + o = 485, 3*k + o - 291 = 0. Let i(n) = n**2 - 6*n - 2. What is the remainder when k is divided by i(9)?
22
Suppose 4*o - 8 + 0 = 0. Suppose -3*z + 4*s = -46, 2*z + o*z - 3*s = 73. Calculate the remainder when 43 is divided by z.
21
Suppose 4*p - 77 = -5*m + 40, 4*m - 87 = -p. Calculate the remainder when 60 is divided by m.
18
Calculate the remainder when (6*1)/(15/255) is divided by 21.
18
Let i be 4 + -2 - 0 - 6. Calculate the remainder when 27 is divided by (-15)/(-2) + 2/i.
6
Suppose 8*y - 7*y = 23. Let p = -16 + y. Calculate the remainder when 18 is divided by p.
4
Let q be (-4)/(-14) - 5/(-7). Suppose 3 + q = v. What is the remainder when 2 + 1/((-1)/(-5)) is divided by v?
3
Suppose -3*r - 5*y = 2*r + 15, -2*r + 22 = -5*y. Calculate the remainder when 1 is divided by r.
0
Let o(k) = -k**3 + 8*k**2 - 8*k + 4. Let u be o(7). What is the remainder when ((-1)/(-2))/(u/(-240)) is divided by 11?
7
Let y = 47 + -31. What is the remainder when 46 is divided by y?
14
Suppose 0 = -3*c + 52 + 23. Let v = -9 + 16. Calculate the remainder when c is divided by v.
4
Let q = -31 - -13. What is the remainder when 627/27 - (-4)/q is divided by 12?
11
Let j(w) = 2*w + 1. Suppose -6 + 2 = -2*i. Let b be j(i). Suppose 0 = -b*h + 179 + 11. Calculate the remainder when h is divided by 13.
12
Let j(b) = 3*b + 32. Calculate the remainder when 54 is divided by j(-6).
12
Suppose -5*c - 2 = -27. Suppose -j = -4*x - 19 - 4, 4*j - c*x = 70. What is the remainder when 27 is divided by -28*(2 - j/6)?
13
Suppose 0 = -0*p - 4*p + 16. Suppose -5*a + t = -0*t + 150, 3*a + p*t + 113 = 0. Let h = a - -43. What is the remainder when 35 is divided by h?
11
Suppose -4*x - 224 - 436 = 0. Let a be ((-5 - -3) + 1)*2. Calculate the remainder when 32 is divided by (a/(-6))/((-5)/x).
10
Suppose -45 - 21 = -6*b. What is the remainder when 30 is divided by b?
8
What is the remainder when 24 is divided by (-3 - -4)*-3*14/(-6)?
3
Let z(p) = -p**2 - 2*p. Let d be z(-3). Let v = -8 - d. Calculate the remainder when (-3)/(v + 2) - -42 is divided by 11.
10
Let d(b) = b**2 + 2*b. Let q(i) = i**2 + 15*i - 9. Let z(n) = -7*n + 5. Let y(s) = 2*q(s) + 5*z(s). Calculate the remainder when y(3) is 